 j = -20 - 2. Let y be (-1547)/143 - (-4)/j - -3. What are the prime factors of (-5)/(-20) + (-182)/y?
23
Let p = 255 - 262. Let h(i) = 4*i**2 + 3*i + 89. List the prime factors of h(p).
2, 3, 11
Let z be (13/((-26)/1396))/(-2). Suppose z = 7*c - 50. List the prime factors of c.
3, 19
Let r be (-8)/(4 + -2)*2/(-2). Suppose -2620 = -r*z - z. What are the prime factors of z?
2, 131
Let n be (-3 - 17/(-5))/((-8)/(-100)). Suppose n*c + 5*y = 507 + 1733, -5*c + 5*y = -2280. List the prime factors of c.
2, 113
Suppose 0 = 3*q + 3*f + 5385 - 43710, 5*q - 63925 = 5*f. What are the prime factors of q?
2, 3, 5, 71
What are the prime factors of (-4)/(-46) - 1183385/345*-9?
30871
Suppose -4*o + 13 = z - 43, 14 = o + 2*z. Suppose 5*t + 6*d = 3*d + 12459, 0 = 4*t - 5*d - 9945. Suppose s + o*s = t. List the prime factors of s.
2, 83
Suppose 4*n - 3*x + 504 = 5*n, 5*x - 2500 = -5*n. Suppose 1433 = 5*i + 4*f + n, -346 = -2*i + 4*f. List the prime factors of i.
3, 61
Let h be ((-1)/2)/(57/3648). Let y(p) = 26*p - 1. Let w be y(6). Let x = h + w. List the prime factors of x.
3, 41
Let f = -12326 - -18856. What are the prime factors of f?
2, 5, 653
Suppose 0 = 5*o + 2*c - 14, -o + 4*c = -6 - 10. Let j(v) = 2*v**3 - 2*v + 20*v**2 - 6 - 3*v**2 - 12*v**2. List the prime factors of j(o).
2, 97
Let k be (-24)/(-16) + (-5677)/(-2). Suppose 4*u - k - 692 = 0. List the prime factors of u.
883
Suppose -2*k - 6 = 3*v, -v - 3*k - 11 = -2. Suppose 2*x - 4*r = 2, v*r - 5*r = -2*x + 3. What are the prime factors of 58*(-3)/(-4) + x/(-2)?
2, 11
Let o(n) = -n**3 - 2*n**2 + 33 - 30 + 4*n + 2*n**2. Let m be o(-3). List the prime factors of m/2 - (-1 + 1/(-1)).
11
Suppose 5 = -m + 3. Let q(j) = -4 + 4*j - 28*j + 10. List the prime factors of q(m).
2, 3
Let r be ((-35296)/64)/((-1)/(-2)). Let c = r + 2000. List the prime factors of c.
3, 13, 23
Suppose 16 + 3 = 5*p + j, 3*j + 11 = 2*p. Suppose 7*u - 2*u + 3*t = 940, -p*t = -3*u + 535. List the prime factors of u.
5, 37
Let v(n) = -n**2 - 23*n - 72. Let b be v(-19). Suppose -b*d + 105 = -27. List the prime factors of d.
3, 11
Suppose 5353*s = 5342*s + 799788. What are the prime factors of s?
2, 3, 73, 83
Suppose 20*s + 149084 - 913364 = 0. What are the prime factors of (-6)/(-14) - 0 - s/(-63)?
607
Let m be ((-4)/(-10))/(-1) - (-8)/20. Suppose -11*d + 10*d - 26 = m. Let g = d - -79. What are the prime factors of g?
53
Let p(z) = z**3 + 20*z**2 + 6. Suppose -20 = -5*y + 5*m, 3*y - 8*y + 2*m + 17 = 0. What are the prime factors of p(y)?
3, 71
Let d(s) = -4*s**2 - 9*s - 7. Let g(l) = 5*l**2 + 10*l + 8. Let i(o) = 6*d(o) + 5*g(o). Let j be i(-4). Suppose -j = -2*k - k. What are the prime factors of k?
2, 5
List the prime factors of (-126570)/10*(9 + -14 - -3).
2, 3, 4219
List the prime factors of 39599/6 + 31/186.
2, 3, 5, 11
Let g(b) be the first derivative of 29*b**2/2 + 18*b - 92. What are the prime factors of g(9)?
3, 31
List the prime factors of (46457/3 - (80/12 + -5)) + -9.
5, 619
Suppose -3*u - 4*w = -9, 2*u - w - 6 = -5*w. Suppose 8 = 2*r - 4*c, -5*c - 15 = -0*r - u*r. What are the prime factors of 345/r*((-26)/(-6) - -1)?
2, 23
Let i be (6/7)/((-1)/(-182)). Suppose -4*s - 6 = -6*s. Suppose 3*m = -f + 3*f - i, -s*m = 12. What are the prime factors of f?
2, 3
Let g be 34*-4*(-30 - 15). Suppose g = -0*d + 9*d. What are the prime factors of d?
2, 5, 17
Suppose 41*g - 1800598 = 10*g - 30*g. List the prime factors of g.
2, 14759
Suppose -3 = -15*i + 14*i. Suppose 5*b - i*u - 5 = -4, 4*b - 4*u = -4. Suppose -3*q = b*q - 440. What are the prime factors of q?
2, 11
Suppose -4*z + 5*u + 8792 = 0, 4*u = 20*z - 24*z + 8828. What are the prime factors of z?
2203
Suppose -5792 = -4*f - 2*t, 3*f - 4647 = -t - 306. What are the prime factors of f?
5, 17
What are the prime factors of 56313/3 + -3*91/39?
2, 4691
Let n = 25423 + -9676. What are the prime factors of n?
3, 29, 181
Suppose 45*t = 89724 - 15339. List the prime factors of t.
3, 19, 29
Let w be 1 + 2113 + (6 + -10 - -2). Let h = -1114 + w. What are the prime factors of h?
2, 499
What are the prime factors of 9/(72/443396) + 18/4?
11, 5039
Let z = 11 - 6. Let g be -2 + 1218/77 + (-4)/(-22). Suppose -z*u + g = -h - h, h + 9 = 3*u. What are the prime factors of h?
3
Suppose 4*l + 3*z = 2*z - 916, 440 = -2*l + 4*z. Let c(d) = 3*d**2 - 7*d + 13. Let b be c(-9). Let u = l + b. What are the prime factors of u?
7, 13
List the prime factors of (-24 + -1)/((-201)/285822).
2, 3, 5, 79
Suppose -4*i - 5*g + 75585 = 0, -3*i + 321*g = 322*g - 56697. List the prime factors of i.
2, 3, 5, 7
Suppose -3*t + 12 = 4*d - 0, -4*t + 2*d + 38 = 0. Let q(z) = 18*z**2 + 7 - t*z - 8*z**2 - 9*z**2. List the prime factors of q(16).
3, 5
Suppose 0*p = -3*p - 18. Let x be 2/p + (-3440)/(-24). Suppose -x - 67 = -3*k. List the prime factors of k.
2, 5, 7
Suppose -4*u = 4*t - 3*u - 24967, 3*u = t - 6232. List the prime factors of t.
79
Suppose -3*u = -2*x - 21609, -42*u - 3*x = -44*u + 14396. List the prime factors of u.
7207
Suppose 2*k - 12 = 4*k + 4*t, 13 = -3*k - 5*t. Suppose k*q + l = 339, 17 = 2*q + l - 154. What are the prime factors of q?
2, 3, 7
Suppose 23*g + 27080 = 2*k + 22*g, -7*k - 5*g = -94831. List the prime factors of k.
29, 467
Suppose 3*k + 252099 = 13*k + 69869. List the prime factors of k.
18223
Let b(q) = q - 20. Let d be b(24). Suppose 912 = 2*h - 4*g - 306, -5*h + 3059 = d*g. List the prime factors of h.
13, 47
Let m(p) = 2*p**3 - 4*p**2 + 14*p - 19. Let g be m(6). Suppose 80*f = 81*f - g. What are the prime factors of f?
353
Let b = -20644 + 21750. What are the prime factors of b?
2, 7, 79
Let y = -121 + 211. Suppose -4*o + 5 = -m + 2, 5*o = -5*m - y. List the prime factors of (-2781)/m - (-10)/(-25).
5, 37
Let u(q) = q + 10. Let l be u(-7). Suppose -z + 32 = 3*x, 2*x - 7*x - 96 = -l*z. Suppose v - z = -3. What are the prime factors of v?
29
Let n = -10 + 12. Let k(c) = 11*c - n + 0 - 5*c. List the prime factors of k(6).
2, 17
Suppose -678 = -6*m + 342. Suppose m = -6*o + 5738. List the prime factors of o.
2, 29
Let m = 1025 - 619. Let f = m - 355. List the prime factors of f.
3, 17
List the prime factors of (-663057)/(-81) - ((-3)/(-6) + (-66)/108).
2, 4093
Let k(q) = q**2 - 8*q - 18. Let p be k(10). Suppose -p = g - 2*g. Suppose 4*f - 2*m + 210 = 544, -163 = -g*f + 5*m. What are the prime factors of f?
2, 3, 7
Let j(z) = z**2 - 514*z - 3561. Let g be j(-7). Let c be (-2)/(1 - 5/3). Suppose -5*f + g = -m - 4, f + 4*m = -c. What are the prime factors of f?
17
Suppose 3*i - 2*c - 1104 = 0, -12 = -6*c + 10*c. List the prime factors of i.
2, 3, 61
Suppose -3*a - 3*h - 8 = 1, -3*h = -4*a - 47. Let w(f) = f**2 + 7*f + 2. Let u be w(a). What are the prime factors of 2/u*493 - 16/(-40)?
3, 11
Suppose 54 = z - 2306. List the prime factors of z.
2, 5, 59
Let m(b) = 2*b**2 - 34*b + 35. Let y be m(16). List the prime factors of 142/y*(-330)/(-44).
5, 71
Let c(l) = 3*l**2 + 2*l + 3. Let t(b) = b - 3*b + 0*b - 4*b - 20. Let a be t(-4). List the prime factors of c(a).
59
Let w = -4924 + 6382. What are the prime factors of w?
2, 3
Let f(g) = -5*g**3 + 3*g - 2. Suppose 0 - 3 = -3*w. Let m be f(w). What are the prime factors of (-206)/m + (-11)/(-22)?
2, 13
Let x(l) = 20*l - 22. Let u = -629 - -641. What are the prime factors of x(u)?
2, 109
Let b(s) be the third derivative of 61*s**4/24 + 10*s**3/3 + 6*s**2. Let y be b(8). Suppose 0 = -5*g - 3*d + y, -3 + 1 = -2*d. List the prime factors of g.
101
Suppose 2*i + 14284 = -0*i. Let k be 68/306 + i/(-18). Suppose -4*d - k = -j - 2*j, 2*d = 5*j - 643. List the prime factors of j.
127
List the prime factors of ((-5811)/(-52))/(39/1924).
37, 149
Suppose 0 = -c - 15 + 20. Suppose d + 828 = c*d. List the prime factors of 2*(d/18 + (-4)/2).
19
Let n(m) = -m**3 - 3*m**2 + 1. Suppose -4 + 13 = -3*k. Let s be n(k). What are the prime factors of s/5 - 3/((-30)/58)?
2, 3
Let u be -2*(-3)/(-24) - 8418/24. Let p = -4 + 1. List the prime factors of (-4)/p*u/(-18).
2, 13
Let h(x) = x**3 + 7*x**2 - 6*x + 6. Let q be h(-7). Suppose -t - 3*z + 24 = 0, -2*t - 3*t + 3*z = -q. Suppose 320 = -7*i + t*i. List the prime factors of i.
2
Let m be ((2 - 2)/(-2))/2. Let p(x) = x**2 - 2*x - 3. Let h be p(m). What are the prime factors of (5/4)/(h/(-132))?
5, 11
Suppose -753 = x + 3*f, -5*